{"version":"1.0","provider_name":"FestivalChairs","provider_url":"https:\/\/www.festivalchairs.com\/fr\/","author_name":"Lisanne de Goeij","author_url":"https:\/\/www.festivalchairs.com\/fr\/author\/lisanne-de-goeij\/","title":"En route vers d'autres collaborations g\u00e9niales! - FestivalChairs","type":"rich","width":600,"height":338,"html":"<blockquote class=\"wp-embedded-content\" data-secret=\"wcw7QxNhHA\"><a href=\"https:\/\/www.festivalchairs.com\/fr\/testimonial\/en-route-vers-dautres-collaborations-geniales\/\">En route vers d&#8217;autres collaborations g\u00e9niales!<\/a><\/blockquote><iframe sandbox=\"allow-scripts\" security=\"restricted\" src=\"https:\/\/www.festivalchairs.com\/fr\/testimonial\/en-route-vers-dautres-collaborations-geniales\/embed\/#?secret=wcw7QxNhHA\" width=\"600\" height=\"338\" title=\"&#8220;En route vers d&#8217;autres collaborations g\u00e9niales!&#8221; &#8212; FestivalChairs\" data-secret=\"wcw7QxNhHA\" frameborder=\"0\" marginwidth=\"0\" marginheight=\"0\" scrolling=\"no\" class=\"wp-embedded-content\"><\/iframe><script type=\"text\/javascript\">\n\/* <![CDATA[ *\/\n\/*! This file is auto-generated *\/\n!function(d,l){\"use strict\";l.querySelector&&d.addEventListener&&\"undefined\"!=typeof URL&&(d.wp=d.wp||{},d.wp.receiveEmbedMessage||(d.wp.receiveEmbedMessage=function(e){var t=e.data;if((t||t.secret||t.message||t.value)&&!\/[^a-zA-Z0-9]\/.test(t.secret)){for(var s,r,n,a=l.querySelectorAll('iframe[data-secret=\"'+t.secret+'\"]'),o=l.querySelectorAll('blockquote[data-secret=\"'+t.secret+'\"]'),c=new RegExp(\"^https?:$\",\"i\"),i=0;i<o.length;i++)o[i].style.display=\"none\";for(i=0;i<a.length;i++)s=a[i],e.source===s.contentWindow&&(s.removeAttribute(\"style\"),\"height\"===t.message?(1e3<(r=parseInt(t.value,10))?r=1e3:~~r<200&&(r=200),s.height=r):\"link\"===t.message&&(r=new URL(s.getAttribute(\"src\")),n=new URL(t.value),c.test(n.protocol))&&n.host===r.host&&l.activeElement===s&&(d.top.location.href=t.value))}},d.addEventListener(\"message\",d.wp.receiveEmbedMessage,!1),l.addEventListener(\"DOMContentLoaded\",function(){for(var e,t,s=l.querySelectorAll(\"iframe.wp-embedded-content\"),r=0;r<s.length;r++)(t=(e=s[r]).getAttribute(\"data-secret\"))||(t=Math.random().toString(36).substring(2,12),e.src+=\"#?secret=\"+t,e.setAttribute(\"data-secret\",t)),e.contentWindow.postMessage({message:\"ready\",secret:t},\"*\")},!1)))}(window,document);\n\/\/# sourceURL=https:\/\/www.festivalchairs.com\/wp-includes\/js\/wp-embed.min.js\n\/* ]]> *\/\n<\/script>\n","description":"Quelle passion Tim met dans son travail et sa marque. Nous avons eu les FestivalChairs \u00e0 notre emplacement plusieurs fois, chaque fois avec un design diff\u00e9rent. Les visiteurs r\u00e9agissent tr\u00e8s positivement, et c&#8217;est toujours un \u00e9l\u00e9ment de surprise lorsque les FestivalChairs sont install\u00e9es dans la salle."}

En route vers d'autres collaborations géniales! - FestivalChairs

<blockquote class="wp-embedded-content" data-secret="wcw7QxNhHA"><a href="https://www.festivalchairs.com/fr/testimonial/en-route-vers-dautres-collaborations-geniales/">En route vers d&#8217;autres collaborations géniales!</a></blockquote><iframe sandbox="allow-scripts" security="restricted" src="https://www.festivalchairs.com/fr/testimonial/en-route-vers-dautres-collaborations-geniales/embed/#?secret=wcw7QxNhHA" width="600" height="338" title="&#8220;En route vers d&#8217;autres collaborations géniales!&#8221; &#8212; FestivalChairs" data-secret="wcw7QxNhHA" frameborder="0" marginwidth="0" marginheight="0" scrolling="no" class="wp-embedded-content"></iframe><script type="text/javascript">
/* <![CDATA[ */
/*! This file is auto-generated */
!function(d,l){"use strict";l.querySelector&&d.addEventListener&&"undefined"!=typeof URL&&(d.wp=d.wp||{},d.wp.receiveEmbedMessage||(d.wp.receiveEmbedMessage=function(e){var t=e.data;if((t||t.secret||t.message||t.value)&&!/[^a-zA-Z0-9]/.test(t.secret)){for(var s,r,n,a=l.querySelectorAll('iframe[data-secret="'+t.secret+'"]'),o=l.querySelectorAll('blockquote[data-secret="'+t.secret+'"]'),c=new RegExp("^https?:$","i"),i=0;i<o.length;i++)o[i].style.display="none";for(i=0;i<a.length;i++)s=a[i],e.source===s.contentWindow&&(s.removeAttribute("style"),"height"===t.message?(1e3<(r=parseInt(t.value,10))?r=1e3:~~r<200&&(r=200),s.height=r):"link"===t.message&&(r=new URL(s.getAttribute("src")),n=new URL(t.value),c.test(n.protocol))&&n.host===r.host&&l.activeElement===s&&(d.top.location.href=t.value))}},d.addEventListener("message",d.wp.receiveEmbedMessage,!1),l.addEventListener("DOMContentLoaded",function(){for(var e,t,s=l.querySelectorAll("iframe.wp-embedded-content"),r=0;r<s.length;r++)(t=(e=s[r]).getAttribute("data-secret"))||(t=Math.random().toString(36).substring(2,12),e.src+="#?secret="+t,e.setAttribute("data-secret",t)),e.contentWindow.postMessage({message:"ready",secret:t},"*")},!1)))}(window,document);
//# sourceURL=https://www.festivalchairs.com/wp-includes/js/wp-embed.min.js
/* ]]> */
</script>

Quelle passion Tim met dans son travail et sa marque. Nous avons eu les FestivalChairs à notre emplacement plusieurs fois, chaque fois avec un design différent. Les visiteurs réagissent très positivement, et c&#8217;est toujours un élément de surprise lorsque les FestivalChairs sont installées dans la salle.
